{"id":2786,"date":"2026-07-24T13:27:55","date_gmt":"2026-07-24T11:27:55","guid":{"rendered":"https:\/\/gorgesdelareuse.ch\/?page_id=2786"},"modified":"2026-08-24T18:34:37","modified_gmt":"2026-08-24T16:34:37","slug":"medias","status":"publish","type":"page","link":"https:\/\/gorgesdelareuse.ch\/de\/medias\/","title":{"rendered":"M\u00e9dias"},"content":{"rendered":"<p>Cliquez sur le texte en bleu pour avoir acc\u00e8s \u00e0 l&#8217;article dans un nouvel onglet<\/p>\n<p><span style=\"color: #0000ff;\"><strong>SSGA, 140\u00e8me anniversaire<\/strong><\/span><br \/>\nExcursion guid\u00e9e du 26 septembre 2026, toutes les informations <span style=\"color: #0000ff;\"><a style=\"color: #0000ff;\" href=\"http:\/\/gorgesdelareuse.ch\/wp-content\/uploads\/2026\/08\/communique-140-ans-societe-sentiers-gorges-areuse.pdf\" target=\"_blank\" rel=\"noopener\">ici<\/a><\/span>, inscription \u00e0 secretariat@gorgesdelareuse.ch jusqu&#8217;au 18 septembre<\/p>\n<p>Canal Alpha, 21 ao\u00fbt 2026<br \/>\n<span style=\"color: #0000ff;\"><a style=\"color: #0000ff;\" href=\"https:\/\/canalalpha.ch\/play\/le-journal\/topic\/42953\/les-gorges-de-lareuse-entre-passe-et-present\" target=\"_blank\" rel=\"noopener\">Les Gorges de l&#8217;Areuse entre pass\u00e9 et pr\u00e9sent<\/a><\/span><\/p>\n<p>Parc r\u00e9gional Chasseral, 20 ao\u00fbt 2026<br \/>\n<span style=\"color: #0000ff;\"><a style=\"color: #0000ff;\" href=\"https:\/\/www.facebook.com\/parcchasseral\/posts\/-fen%C3%AAtre-fermee-sur-la-nature-en-raison-de-la-s%C3%A9cheresse-les-gorges-de-douanne-t\/1485031180331033\/\" target=\"_blank\" rel=\"noopener\">Les Gorges de Douanne ferm\u00e9es jusqu&#8217;au printemps 2027 \u00e0 cause de la s\u00e9cheresse<\/a><\/span><\/p>\n<p>RTN, 20 ao\u00fbt 2026<br \/>\n<a href=\"https:\/\/www.rtn.ch\/rtn\/Actualite\/Region\/20260820-Une-derniere-etape-pour-revitaliser-l-Areuse.html\" target=\"_blank\" rel=\"noopener\"><span style=\"color: #0000ff;\">Une derni\u00e8re \u00e9tape pour revitaliser l&#8217;Areuse<\/span><\/a><\/p>\n<p>Arcinfo, 4 ao\u00fbt 2026<br \/>\n<a href=\"https:\/\/www.arcinfo.ch\/neuchatel-canton\/val-de-travers-region\/val-de-travers-commune\/gorges-de-l-areuse\/lareuse-au-plus-bas-depuis-1959-la-secheresse-frappe-aussi-les-cours-deau-neuchatelois-1509147\" target=\"_blank\" rel=\"noopener\"><span style=\"color: #0000ff;\">L\u2019Areuse au plus bas depuis 1959<\/span><\/a><\/p>\n<p>Canal Alpha, 29 juillet 2026<br \/>\n<span style=\"color: #0000ff;\"><a style=\"color: #0000ff;\" href=\"https:\/\/canalalpha.ch\/play\/le-journal\/topic\/42720\/benoit-vivien-seme-ses-graines-de-lune-sur-les-sentiers-de-lareuse\" target=\"_blank\" rel=\"noopener\">Beno\u00eet Vivien s\u00e8me ses graines de Lune sur les sentiers de l&#8217;Areuse<\/a><\/span><\/p>\n<p>Arcinfo, 23 juillet 2026<br \/>\n<a href=\"https:\/\/www.arcinfo.ch\/neuchatel-canton\/littoral\/neuchatel-commune\/entre-les-sources-et-les-robinets-un-immense-reservoir-dans-la-foret-de-neuchatel-1507628\" target=\"_blank\" rel=\"noopener\"><span style=\"color: #0000ff;\">Entre les sources et les robinets, un immense r\u00e9servoir dans la for\u00eat de Neuch\u00e2tel<\/span><\/a><\/p>\n<p>RTN, 22 juillet 2026<br \/>\n<span style=\"color: #0000ff;\"><a style=\"color: #0000ff;\" href=\"https:\/\/www.rtn.ch\/rtn\/Actualite\/Region\/20260722-Jonglerie-et-poesie-au-fil-de-l-Areuse-avec-La-Marche-des-philosophes.html\" target=\"_blank\" rel=\"noopener\">Jonglerie et po\u00e9sie au fil de l\u2019Areuse avec La Marche des philosophes<\/a><\/span><\/p>\n<p>Canal Alpha, 20 Juillet 2026<br \/>\n<span style=\"color: #0000ff;\"><a style=\"color: #0000ff;\" href=\"https:\/\/canalalpha.ch\/play\/le-journal\/topic\/42635\/sous-le-charme-des-gorges-de-lareuse-deux-artistes-chinois-exposent-a-la-noctule\" target=\"_blank\" rel=\"noopener\">Sous le charme des Gorges de l&#8217;Areuse, deux artistes chinois exposent \u00e0 la Noctule<\/a><\/span><\/p>\n<p>Facebook, 19 juillet 2026<br \/>\nMike Horn : <span style=\"color: #0000ff;\"><a style=\"color: #0000ff;\" href=\"https:\/\/www.facebook.com\/watch\/?v=1032006316139296\" target=\"_blank\" rel=\"noopener\">Ca va \u00eatre spectaculaire !\u00a0<\/a><\/span><\/p>\n<p>RTN, 10 juillet 2026<br \/>\n<a href=\"https:\/\/www.rtn.ch\/rtn\/Actualite\/Region\/20260710-Aux-petits-soins-pour-les-randonneurs.html\" target=\"_blank\" rel=\"noopener\"><span style=\"color: #0000ff;\">Aux petits soins pour les randonneurs<\/span><\/a><\/p>\n<p>Canal Alpha, 2 juillet 2026<br \/>\n<span style=\"color: #0000ff;\"><a style=\"color: #0000ff;\" href=\"https:\/\/www.rtn.ch\/rtn\/Actualite\/Region\/20260702-De-l-electricite-dans-les-Gorges-de-l-Areuse.html#\" target=\"_blank\" rel=\"noopener\">De l\u2019\u00e9lectricit\u00e9 dans les Gorges de l\u2019Areuse<\/a><\/span><\/p>\n<div class=\"content news-content\">\n<div class=\"art-content\">\n<div class=\"row\">\n<div class=\"col-md-12\">\n<div class=\"videoNews\"><span style=\"font-size: 1rem;\">Canal Alpha, 2 juin 2026<\/span><\/div>\n<\/div>\n<\/div>\n<\/div>\n<\/div>\n<p><span style=\"color: #0000ff;\"><a style=\"color: #0000ff;\" href=\"https:\/\/www.canalalpha.ch\/play\/eureka\/episode\/42124\/leau-potable-un-tresor-sous-surveillance\" target=\"_blank\" rel=\"noopener\">L\u2019eau potable, un tr\u00e9sor sous surveillance<\/a><\/span><\/p>\n","protected":false},"excerpt":{"rendered":"<p>Cliquez sur le texte en bleu pour avoir acc\u00e8s \u00e0&#8230;<\/p>\n","protected":false},"author":1,"featured_media":0,"parent":0,"menu_order":0,"comment_status":"closed","ping_status":"closed","template":"","meta":{"_et_pb_use_builder":"on","_et_pb_old_content":"<p>Arcinfo, 23 juillet 2026<br \/><a href=\"https:\/\/www.arcinfo.ch\/neuchatel-canton\/littoral\/neuchatel-commune\/entre-les-sources-et-les-robinets-un-immense-reservoir-dans-la-foret-de-neuchatel-1507628\" target=\"_blank\" rel=\"noopener\">Entre les sources et les robinets, un immense r\u00e9servoir dans la for\u00eat de Neuch\u00e2tel<\/a><\/p><p>RTN, 22 juillet 2026<br \/><a href=\"https:\/\/www.rtn.ch\/rtn\/Actualite\/Region\/20260722-Jonglerie-et-poesie-au-fil-de-l-Areuse-avec-La-Marche-des-philosophes.html\" target=\"_blank\" rel=\"noopener\">Jonglerie et po\u00e9sie au fil de l\u2019Areuse avec La Marche des philosophes<\/a><\/p><p>Canal Alpha, 20 Juillet 2026<br \/><a href=\"https:\/\/canalalpha.ch\/play\/le-journal\/topic\/42635\/sous-le-charme-des-gorges-de-lareuse-deux-artistes-chinois-exposent-a-la-noctule\" target=\"_blank\" rel=\"noopener\">Sous le charme des Gorges de l'Areuse, deux artistes chinois exposent \u00e0 la Noctule<\/a><\/p><p>Facebook, 19 juillet 2026<br \/>Mike Horn : <a href=\"https:\/\/www.facebook.com\/watch\/?v=1032006316139296\" target=\"_blank\" rel=\"noopener\">Ca va \u00eatre spectaculaire !<\/a><\/p>","_et_gb_content_width":"","footnotes":""},"class_list":["post-2786","page","type-page","status-publish","hentry"],"translation":{"provider":"WPGlobus","version":"3.0.5","language":"de","enabled_languages":["fr","de"],"languages":{"fr":{"title":true,"content":true,"excerpt":false},"de":{"title":false,"content":false,"excerpt":false}}},"_links":{"self":[{"href":"https:\/\/gorgesdelareuse.ch\/de\/wp-json\/wp\/v2\/pages\/2786","targetHints":{"allow":["GET"]}}],"collection":[{"href":"https:\/\/gorgesdelareuse.ch\/de\/wp-json\/wp\/v2\/pages"}],"about":[{"href":"https:\/\/gorgesdelareuse.ch\/de\/wp-json\/wp\/v2\/types\/page"}],"author":[{"embeddable":true,"href":"https:\/\/gorgesdelareuse.ch\/de\/wp-json\/wp\/v2\/users\/1"}],"replies":[{"embeddable":true,"href":"https:\/\/gorgesdelareuse.ch\/de\/wp-json\/wp\/v2\/comments?post=2786"}],"version-history":[{"count":18,"href":"https:\/\/gorgesdelareuse.ch\/de\/wp-json\/wp\/v2\/pages\/2786\/revisions"}],"predecessor-version":[{"id":2841,"href":"https:\/\/gorgesdelareuse.ch\/de\/wp-json\/wp\/v2\/pages\/2786\/revisions\/2841"}],"wp:attachment":[{"href":"https:\/\/gorgesdelareuse.ch\/de\/wp-json\/wp\/v2\/media?parent=2786"}],"curies":[{"name":"wp","href":"https:\/\/api.w.org\/{rel}","templated":true}]}}

Médias

<p>Cliquez sur le texte en bleu pour avoir accès à l&#8217;article dans un nouvel onglet</p>
<p><span style="color: #0000ff;"><strong>SSGA, 140ème anniversaire</strong></span><br />
Excursion guidée du 26 septembre 2026, toutes les informations <span style="color: #0000ff;"><a style="color: #0000ff;" href="http://gorgesdelareuse.ch/wp-content/uploads/2026/08/communique-140-ans-societe-sentiers-gorges-areuse.pdf" target="_blank" rel="noopener">ici</a></span>, inscription à secretariat@gorgesdelareuse.ch jusqu&#8217;au 18 septembre</p>
<p>Canal Alpha, 21 août 2026<br />
<span style="color: #0000ff;"><a style="color: #0000ff;" href="https://canalalpha.ch/play/le-journal/topic/42953/les-gorges-de-lareuse-entre-passe-et-present" target="_blank" rel="noopener">Les Gorges de l&#8217;Areuse entre passé et présent</a></span></p>
<p>Parc régional Chasseral, 20 août 2026<br />
<span style="color: #0000ff;"><a style="color: #0000ff;" href="https://www.facebook.com/parcchasseral/posts/-fen%C3%AAtre-fermee-sur-la-nature-en-raison-de-la-s%C3%A9cheresse-les-gorges-de-douanne-t/1485031180331033/" target="_blank" rel="noopener">Les Gorges de Douanne fermées jusqu&#8217;au printemps 2027 à cause de la sécheresse</a></span></p>
<p>RTN, 20 août 2026<br />
<a href="https://www.rtn.ch/rtn/Actualite/Region/20260820-Une-derniere-etape-pour-revitaliser-l-Areuse.html" target="_blank" rel="noopener"><span style="color: #0000ff;">Une dernière étape pour revitaliser l&#8217;Areuse</span></a></p>
<p>Arcinfo, 4 août 2026<br />
<a href="https://www.arcinfo.ch/neuchatel-canton/val-de-travers-region/val-de-travers-commune/gorges-de-l-areuse/lareuse-au-plus-bas-depuis-1959-la-secheresse-frappe-aussi-les-cours-deau-neuchatelois-1509147" target="_blank" rel="noopener"><span style="color: #0000ff;">L’Areuse au plus bas depuis 1959</span></a></p>
<p>Canal Alpha, 29 juillet 2026<br />
<span style="color: #0000ff;"><a style="color: #0000ff;" href="https://canalalpha.ch/play/le-journal/topic/42720/benoit-vivien-seme-ses-graines-de-lune-sur-les-sentiers-de-lareuse" target="_blank" rel="noopener">Benoît Vivien sème ses graines de Lune sur les sentiers de l&#8217;Areuse</a></span></p>
<p>Arcinfo, 23 juillet 2026<br />
<a href="https://www.arcinfo.ch/neuchatel-canton/littoral/neuchatel-commune/entre-les-sources-et-les-robinets-un-immense-reservoir-dans-la-foret-de-neuchatel-1507628" target="_blank" rel="noopener"><span style="color: #0000ff;">Entre les sources et les robinets, un immense réservoir dans la forêt de Neuchâtel</span></a></p>
<p>RTN, 22 juillet 2026<br />
<span style="color: #0000ff;"><a style="color: #0000ff;" href="https://www.rtn.ch/rtn/Actualite/Region/20260722-Jonglerie-et-poesie-au-fil-de-l-Areuse-avec-La-Marche-des-philosophes.html" target="_blank" rel="noopener">Jonglerie et poésie au fil de l’Areuse avec La Marche des philosophes</a></span></p>
<p>Canal Alpha, 20 Juillet 2026<br />
<span style="color: #0000ff;"><a style="color: #0000ff;" href="https://canalalpha.ch/play/le-journal/topic/42635/sous-le-charme-des-gorges-de-lareuse-deux-artistes-chinois-exposent-a-la-noctule" target="_blank" rel="noopener">Sous le charme des Gorges de l&#8217;Areuse, deux artistes chinois exposent à la Noctule</a></span></p>
<p>Facebook, 19 juillet 2026<br />
Mike Horn : <span style="color: #0000ff;"><a style="color: #0000ff;" href="https://www.facebook.com/watch/?v=1032006316139296" target="_blank" rel="noopener">Ca va être spectaculaire ! </a></span></p>
<p>RTN, 10 juillet 2026<br />
<a href="https://www.rtn.ch/rtn/Actualite/Region/20260710-Aux-petits-soins-pour-les-randonneurs.html" target="_blank" rel="noopener"><span style="color: #0000ff;">Aux petits soins pour les randonneurs</span></a></p>
<p>Canal Alpha, 2 juillet 2026<br />
<span style="color: #0000ff;"><a style="color: #0000ff;" href="https://www.rtn.ch/rtn/Actualite/Region/20260702-De-l-electricite-dans-les-Gorges-de-l-Areuse.html#" target="_blank" rel="noopener">De l’électricité dans les Gorges de l’Areuse</a></span></p>
<div class="content news-content">
<div class="art-content">
<div class="row">
<div class="col-md-12">
<div class="videoNews"><span style="font-size: 1rem;">Canal Alpha, 2 juin 2026</span></div>
</div>
</div>
</div>
</div>
<p><span style="color: #0000ff;"><a style="color: #0000ff;" href="https://www.canalalpha.ch/play/eureka/episode/42124/leau-potable-un-tresor-sous-surveillance" target="_blank" rel="noopener">L’eau potable, un trésor sous surveillance</a></span></p>

<p>Cliquez sur le texte en bleu pour avoir accès à&#8230;</p>

<p>Arcinfo, 23 juillet 2026<br /><a href="https://www.arcinfo.ch/neuchatel-canton/littoral/neuchatel-commune/entre-les-sources-et-les-robinets-un-immense-reservoir-dans-la-foret-de-neuchatel-1507628" target="_blank" rel="noopener">Entre les sources et les robinets, un immense réservoir dans la forêt de Neuchâtel</a></p><p>RTN, 22 juillet 2026<br /><a href="https://www.rtn.ch/rtn/Actualite/Region/20260722-Jonglerie-et-poesie-au-fil-de-l-Areuse-avec-La-Marche-des-philosophes.html" target="_blank" rel="noopener">Jonglerie et poésie au fil de l’Areuse avec La Marche des philosophes</a></p><p>Canal Alpha, 20 Juillet 2026<br /><a href="https://canalalpha.ch/play/le-journal/topic/42635/sous-le-charme-des-gorges-de-lareuse-deux-artistes-chinois-exposent-a-la-noctule" target="_blank" rel="noopener">Sous le charme des Gorges de l'Areuse, deux artistes chinois exposent à la Noctule</a></p><p>Facebook, 19 juillet 2026<br />Mike Horn : <a href="https://www.facebook.com/watch/?v=1032006316139296" target="_blank" rel="noopener">Ca va être spectaculaire !</a></p>
