{"id":2807,"date":"2026-07-25T10:12:12","date_gmt":"2026-07-25T08:12:12","guid":{"rendered":"https:\/\/gorgesdelareuse.ch\/?page_id=2807"},"modified":"2026-08-19T19:14:33","modified_gmt":"2026-08-19T17:14:33","slug":"140-ans-dhistoire","status":"publish","type":"page","link":"https:\/\/gorgesdelareuse.ch\/de\/140-ans-dhistoire\/","title":{"rendered":"140 ans d&#8217;histoire"},"content":{"rendered":"<p><strong>Excursion guid\u00e9e pour les 140 ans de la Soci\u00e9t\u00e9 des Sentiers des Gorges de l&#8217;Areuse<\/strong><br \/>\nSamedi 26 septembre 2026, voir toutes les informations <span style=\"color: #0000ff;\"><a style=\"color: #0000ff;\" href=\"http:\/\/gorgesdelareuse.ch\/wp-content\/uploads\/2026\/08\/communique-140-ans-societe-sentiers-gorges-areuse.pdf\" target=\"_blank\" rel=\"noopener\">ici<\/a><\/span><\/p>\n","protected":false},"excerpt":{"rendered":"<p>Excursion guid\u00e9e pour les 140 ans de la Soci\u00e9t\u00e9 des Sentiers des Gorges de l&#8217;Areuse Samedi 26 septembre 2026, voir toutes les informations ici<\/p>\n","protected":false},"author":1,"featured_media":0,"parent":0,"menu_order":0,"comment_status":"closed","ping_status":"closed","template":"","meta":{"_et_pb_use_builder":"","_et_pb_old_content":"","_et_gb_content_width":"","footnotes":""},"class_list":["post-2807","page","type-page","status-publish","hentry"],"translation":{"provider":"WPGlobus","version":"3.0.5","language":"de","enabled_languages":["fr","de"],"languages":{"fr":{"title":true,"content":true,"excerpt":false},"de":{"title":false,"content":false,"excerpt":false}}},"_links":{"self":[{"href":"https:\/\/gorgesdelareuse.ch\/de\/wp-json\/wp\/v2\/pages\/2807","targetHints":{"allow":["GET"]}}],"collection":[{"href":"https:\/\/gorgesdelareuse.ch\/de\/wp-json\/wp\/v2\/pages"}],"about":[{"href":"https:\/\/gorgesdelareuse.ch\/de\/wp-json\/wp\/v2\/types\/page"}],"author":[{"embeddable":true,"href":"https:\/\/gorgesdelareuse.ch\/de\/wp-json\/wp\/v2\/users\/1"}],"replies":[{"embeddable":true,"href":"https:\/\/gorgesdelareuse.ch\/de\/wp-json\/wp\/v2\/comments?post=2807"}],"version-history":[{"count":8,"href":"https:\/\/gorgesdelareuse.ch\/de\/wp-json\/wp\/v2\/pages\/2807\/revisions"}],"predecessor-version":[{"id":2837,"href":"https:\/\/gorgesdelareuse.ch\/de\/wp-json\/wp\/v2\/pages\/2807\/revisions\/2837"}],"wp:attachment":[{"href":"https:\/\/gorgesdelareuse.ch\/de\/wp-json\/wp\/v2\/media?parent=2807"}],"curies":[{"name":"wp","href":"https:\/\/api.w.org\/{rel}","templated":true}]}}

<p><strong>Excursion guidée pour les 140 ans de la Société des Sentiers des Gorges de l&#8217;Areuse</strong><br />
Samedi 26 septembre 2026, voir toutes les informations <span style="color: #0000ff;"><a style="color: #0000ff;" href="http://gorgesdelareuse.ch/wp-content/uploads/2026/08/communique-140-ans-societe-sentiers-gorges-areuse.pdf" target="_blank" rel="noopener">ici</a></span></p>

<p>Excursion guidée pour les 140 ans de la Société des Sentiers des Gorges de l&#8217;Areuse Samedi 26 septembre 2026, voir toutes les informations ici</p>
